{"id":676,"date":"2023-09-01T07:54:31","date_gmt":"2023-09-01T07:54:31","guid":{"rendered":"https:\/\/web4.rkinformatika.net\/avpsicologia\/?page_id=676"},"modified":"2024-07-11T12:47:40","modified_gmt":"2024-07-11T12:47:40","slug":"asesoramiento-sexologico-y-menstrual","status":"publish","type":"page","link":"https:\/\/avpsicologia.eus\/eus\/asesoramiento-sexologico-y-menstrual\/","title":{"rendered":"Aholkularitza Sexologikoa eta Menstruala"},"content":{"rendered":"<div data-elementor-type=\"wp-page\" data-elementor-id=\"676\" class=\"elementor elementor-676\" data-elementor-post-type=\"page\">\n\t\t\t\t\t\t<section class=\"elementor-section elementor-top-section elementor-element elementor-element-db9ad82 elementor-section-boxed elementor-section-height-default elementor-section-height-default\" data-id=\"db9ad82\" data-element_type=\"section\" data-e-type=\"section\" data-settings=\"{&quot;background_background&quot;:&quot;classic&quot;}\">\n\t\t\t\t\t\t\t<div class=\"elementor-background-overlay\"><\/div>\n\t\t\t\t\t\t\t<div class=\"elementor-container elementor-column-gap-default\">\n\t\t\t\t\t<div class=\"elementor-column elementor-col-100 elementor-top-column elementor-element elementor-element-337511f\" data-id=\"337511f\" data-element_type=\"column\" data-e-type=\"column\">\n\t\t\t<div class=\"elementor-widget-wrap\">\n\t\t\t\t\t\t\t<\/div>\n\t\t<\/div>\n\t\t\t\t\t<\/div>\n\t\t<\/section>\n\t\t\t\t<section class=\"elementor-section elementor-top-section elementor-element elementor-element-5faaac9 elementor-section-boxed elementor-section-height-default elementor-section-height-default\" data-id=\"5faaac9\" data-element_type=\"section\" data-e-type=\"section\">\n\t\t\t\t\t\t<div class=\"elementor-container elementor-column-gap-default\">\n\t\t\t\t\t<div class=\"elementor-column elementor-col-100 elementor-top-column elementor-element elementor-element-dbe480d\" data-id=\"dbe480d\" data-element_type=\"column\" data-e-type=\"column\">\n\t\t\t<div class=\"elementor-widget-wrap elementor-element-populated\">\n\t\t\t\t\t\t<div class=\"elementor-element elementor-element-d42c086 elementor-widget elementor-widget-heading\" data-id=\"d42c086\" data-element_type=\"widget\" data-e-type=\"widget\" data-widget_type=\"heading.default\">\n\t\t\t\t<div class=\"elementor-widget-container\">\n\t\t\t\t\t<h2 class=\"elementor-heading-title elementor-size-default\">Aholkularitza Sexologikoa eta Menstruala<\/h2>\t\t\t\t<\/div>\n\t\t\t\t<\/div>\n\t\t\t\t\t<\/div>\n\t\t<\/div>\n\t\t\t\t\t<\/div>\n\t\t<\/section>\n\t\t\t\t<section class=\"elementor-section elementor-top-section elementor-element elementor-element-97b8994 elementor-section-boxed elementor-section-height-default elementor-section-height-default\" data-id=\"97b8994\" data-element_type=\"section\" data-e-type=\"section\">\n\t\t\t\t\t\t<div class=\"elementor-container elementor-column-gap-default\">\n\t\t\t\t\t<div class=\"elementor-column elementor-col-100 elementor-top-column elementor-element elementor-element-1127c38\" data-id=\"1127c38\" data-element_type=\"column\" data-e-type=\"column\">\n\t\t\t<div class=\"elementor-widget-wrap elementor-element-populated\">\n\t\t\t\t\t\t<div class=\"elementor-element elementor-element-a7abc4e elementor-widget elementor-widget-text-editor\" data-id=\"a7abc4e\" data-element_type=\"widget\" data-e-type=\"widget\" data-widget_type=\"text-editor.default\">\n\t\t\t\t<div class=\"elementor-widget-container\">\n\t\t\t\t\t\t\t\t\t<p>\u00a0Ezagutza eta ulermena sustatzeko espazioa.<\/p>\t\t\t\t\t\t\t\t<\/div>\n\t\t\t\t<\/div>\n\t\t\t\t\t<\/div>\n\t\t<\/div>\n\t\t\t\t\t<\/div>\n\t\t<\/section>\n\t\t\t\t<section class=\"elementor-section elementor-top-section elementor-element elementor-element-9347152 elementor-section-boxed elementor-section-height-default elementor-section-height-default\" data-id=\"9347152\" data-element_type=\"section\" data-e-type=\"section\">\n\t\t\t\t\t\t<div class=\"elementor-container elementor-column-gap-default\">\n\t\t\t\t\t<div class=\"elementor-column elementor-col-100 elementor-top-column elementor-element elementor-element-53e39c4\" data-id=\"53e39c4\" data-element_type=\"column\" data-e-type=\"column\">\n\t\t\t<div class=\"elementor-widget-wrap elementor-element-populated\">\n\t\t\t\t\t\t<div class=\"elementor-element elementor-element-24d5400 elementor-widget-divider--view-line elementor-widget elementor-widget-divider\" data-id=\"24d5400\" data-element_type=\"widget\" data-e-type=\"widget\" data-widget_type=\"divider.default\">\n\t\t\t\t<div class=\"elementor-widget-container\">\n\t\t\t\t\t\t\t<div class=\"elementor-divider\">\n\t\t\t<span class=\"elementor-divider-separator\">\n\t\t\t\t\t\t<\/span>\n\t\t<\/div>\n\t\t\t\t\t\t<\/div>\n\t\t\t\t<\/div>\n\t\t\t\t\t<\/div>\n\t\t<\/div>\n\t\t\t\t\t<\/div>\n\t\t<\/section>\n\t\t\t\t<section class=\"elementor-section elementor-top-section elementor-element elementor-element-202969e elementor-section-boxed elementor-section-height-default elementor-section-height-default\" data-id=\"202969e\" data-element_type=\"section\" data-e-type=\"section\">\n\t\t\t\t\t\t<div class=\"elementor-container elementor-column-gap-default\">\n\t\t\t\t\t<div class=\"elementor-column elementor-col-33 elementor-top-column elementor-element elementor-element-92782a7\" data-id=\"92782a7\" data-element_type=\"column\" data-e-type=\"column\">\n\t\t\t<div class=\"elementor-widget-wrap elementor-element-populated\">\n\t\t\t\t\t\t<div class=\"elementor-element elementor-element-5e7f40d elementor-widget elementor-widget-image\" data-id=\"5e7f40d\" data-element_type=\"widget\" data-e-type=\"widget\" data-widget_type=\"image.default\">\n\t\t\t\t<div class=\"elementor-widget-container\">\n\t\t\t\t\t\t\t\t\t\t\t\t\t\t\t<img fetchpriority=\"high\" decoding=\"async\" width=\"800\" height=\"534\" src=\"https:\/\/avpsicologia.eus\/wp-content\/uploads\/2023\/09\/Gorputzadabidea-4062-1024x684.jpg\" class=\"attachment-large size-large wp-image-1847\" alt=\"\" srcset=\"https:\/\/avpsicologia.eus\/wp-content\/uploads\/2023\/09\/Gorputzadabidea-4062-1024x684.jpg 1024w, https:\/\/avpsicologia.eus\/wp-content\/uploads\/2023\/09\/Gorputzadabidea-4062-300x200.jpg 300w, https:\/\/avpsicologia.eus\/wp-content\/uploads\/2023\/09\/Gorputzadabidea-4062-768x513.jpg 768w, https:\/\/avpsicologia.eus\/wp-content\/uploads\/2023\/09\/Gorputzadabidea-4062-1536x1025.jpg 1536w, https:\/\/avpsicologia.eus\/wp-content\/uploads\/2023\/09\/Gorputzadabidea-4062-2048x1367.jpg 2048w, https:\/\/avpsicologia.eus\/wp-content\/uploads\/2023\/09\/Gorputzadabidea-4062-18x12.jpg 18w\" sizes=\"(max-width: 800px) 100vw, 800px\" \/>\t\t\t\t\t\t\t\t\t\t\t\t\t\t\t<\/div>\n\t\t\t\t<\/div>\n\t\t\t\t<div class=\"elementor-element elementor-element-daf17d9 elementor-widget elementor-widget-heading\" data-id=\"daf17d9\" data-element_type=\"widget\" data-e-type=\"widget\" data-widget_type=\"heading.default\">\n\t\t\t\t<div class=\"elementor-widget-container\">\n\t\t\t\t\t<h2 class=\"elementor-heading-title elementor-size-default\">Zertarako<\/h2>\t\t\t\t<\/div>\n\t\t\t\t<\/div>\n\t\t\t\t<div class=\"elementor-element elementor-element-65531f1 elementor-widget elementor-widget-text-editor\" data-id=\"65531f1\" data-element_type=\"widget\" data-e-type=\"widget\" data-widget_type=\"text-editor.default\">\n\t\t\t\t<div class=\"elementor-widget-container\">\n\t\t\t\t\t\t\t\t\t<p>Zalantza pertsonalei edo profesionalei erantzuteko eta baliabide zehatzak eskuratzeko gunea da. Aholkularitza esku-hartze zuzena eta laburra da, sexualitateei eta hilekoaren zikloari buruzko zalantzak argitzen lagunduko dizut.<\/p>\t\t\t\t\t\t\t\t<\/div>\n\t\t\t\t<\/div>\n\t\t\t\t\t<\/div>\n\t\t<\/div>\n\t\t\t\t<div class=\"elementor-column elementor-col-33 elementor-top-column elementor-element elementor-element-f7a8c3c\" data-id=\"f7a8c3c\" data-element_type=\"column\" data-e-type=\"column\">\n\t\t\t<div class=\"elementor-widget-wrap elementor-element-populated\">\n\t\t\t\t\t\t<div class=\"elementor-element elementor-element-d26bf4f elementor-widget elementor-widget-image\" data-id=\"d26bf4f\" data-element_type=\"widget\" data-e-type=\"widget\" data-widget_type=\"image.default\">\n\t\t\t\t<div class=\"elementor-widget-container\">\n\t\t\t\t\t\t\t\t\t\t\t\t\t\t\t<img decoding=\"async\" width=\"800\" height=\"534\" src=\"https:\/\/avpsicologia.eus\/wp-content\/uploads\/2023\/09\/Gorputzadabidea-4131-1024x684.jpg\" class=\"attachment-large size-large wp-image-1893\" alt=\"\" srcset=\"https:\/\/avpsicologia.eus\/wp-content\/uploads\/2023\/09\/Gorputzadabidea-4131-1024x684.jpg 1024w, https:\/\/avpsicologia.eus\/wp-content\/uploads\/2023\/09\/Gorputzadabidea-4131-300x200.jpg 300w, https:\/\/avpsicologia.eus\/wp-content\/uploads\/2023\/09\/Gorputzadabidea-4131-768x513.jpg 768w, https:\/\/avpsicologia.eus\/wp-content\/uploads\/2023\/09\/Gorputzadabidea-4131-1536x1025.jpg 1536w, https:\/\/avpsicologia.eus\/wp-content\/uploads\/2023\/09\/Gorputzadabidea-4131-2048x1367.jpg 2048w, https:\/\/avpsicologia.eus\/wp-content\/uploads\/2023\/09\/Gorputzadabidea-4131-18x12.jpg 18w\" sizes=\"(max-width: 800px) 100vw, 800px\" \/>\t\t\t\t\t\t\t\t\t\t\t\t\t\t\t<\/div>\n\t\t\t\t<\/div>\n\t\t\t\t<div class=\"elementor-element elementor-element-6459f08 elementor-widget elementor-widget-heading\" data-id=\"6459f08\" data-element_type=\"widget\" data-e-type=\"widget\" data-widget_type=\"heading.default\">\n\t\t\t\t<div class=\"elementor-widget-container\">\n\t\t\t\t\t<h2 class=\"elementor-heading-title elementor-size-default\">Norentzat<\/h2>\t\t\t\t<\/div>\n\t\t\t\t<\/div>\n\t\t\t\t<div class=\"elementor-element elementor-element-dcdedad elementor-widget elementor-widget-text-editor\" data-id=\"dcdedad\" data-element_type=\"widget\" data-e-type=\"widget\" data-widget_type=\"text-editor.default\">\n\t\t\t\t<div class=\"elementor-widget-container\">\n\t\t\t\t\t\t\t\t\t<p>Pertsona guztiei zuzendua, familie, norbanakoari edota osasun-arloko eta irakaskuntzako profesionalentzat.<\/p>\t\t\t\t\t\t\t\t<\/div>\n\t\t\t\t<\/div>\n\t\t\t\t\t<\/div>\n\t\t<\/div>\n\t\t\t\t<div class=\"elementor-column elementor-col-33 elementor-top-column elementor-element elementor-element-44eb6f4\" data-id=\"44eb6f4\" data-element_type=\"column\" data-e-type=\"column\">\n\t\t\t<div class=\"elementor-widget-wrap elementor-element-populated\">\n\t\t\t\t\t\t<div class=\"elementor-element elementor-element-20dd7a4 elementor-widget elementor-widget-image\" data-id=\"20dd7a4\" data-element_type=\"widget\" data-e-type=\"widget\" data-widget_type=\"image.default\">\n\t\t\t\t<div class=\"elementor-widget-container\">\n\t\t\t\t\t\t\t\t\t\t\t\t\t\t\t<img decoding=\"async\" width=\"800\" height=\"534\" src=\"https:\/\/avpsicologia.eus\/wp-content\/uploads\/2023\/09\/Gorputzadabidea-3671-1024x684.jpg\" class=\"attachment-large size-large wp-image-1826\" alt=\"\" srcset=\"https:\/\/avpsicologia.eus\/wp-content\/uploads\/2023\/09\/Gorputzadabidea-3671-1024x684.jpg 1024w, https:\/\/avpsicologia.eus\/wp-content\/uploads\/2023\/09\/Gorputzadabidea-3671-300x200.jpg 300w, https:\/\/avpsicologia.eus\/wp-content\/uploads\/2023\/09\/Gorputzadabidea-3671-768x513.jpg 768w, https:\/\/avpsicologia.eus\/wp-content\/uploads\/2023\/09\/Gorputzadabidea-3671-1536x1025.jpg 1536w, https:\/\/avpsicologia.eus\/wp-content\/uploads\/2023\/09\/Gorputzadabidea-3671-2048x1367.jpg 2048w, https:\/\/avpsicologia.eus\/wp-content\/uploads\/2023\/09\/Gorputzadabidea-3671-18x12.jpg 18w\" sizes=\"(max-width: 800px) 100vw, 800px\" \/>\t\t\t\t\t\t\t\t\t\t\t\t\t\t\t<\/div>\n\t\t\t\t<\/div>\n\t\t\t\t<div class=\"elementor-element elementor-element-4dbed85 elementor-widget elementor-widget-heading\" data-id=\"4dbed85\" data-element_type=\"widget\" data-e-type=\"widget\" data-widget_type=\"heading.default\">\n\t\t\t\t<div class=\"elementor-widget-container\">\n\t\t\t\t\t<h2 class=\"elementor-heading-title elementor-size-default\">Lantzeko gaiak<\/h2>\t\t\t\t<\/div>\n\t\t\t\t<\/div>\n\t\t\t\t<div class=\"elementor-element elementor-element-00f21ad elementor-widget elementor-widget-text-editor\" data-id=\"00f21ad\" data-element_type=\"widget\" data-e-type=\"widget\" data-widget_type=\"text-editor.default\">\n\t\t\t\t<div class=\"elementor-widget-container\">\n\t\t\t\t\t\t\t\t\t<ul>\n<li>Pubertaroa<\/li>\n<li>Klimaterioa<\/li>\n<li>Menarkia<\/li>\n<li>Sexu-aniztasuna<\/li>\n<li>Giza izate sexuala<\/li>\n<li>Familientzako baliabideak<\/li>\n<\/ul>\t\t\t\t\t\t\t\t<\/div>\n\t\t\t\t<\/div>\n\t\t\t\t\t<\/div>\n\t\t<\/div>\n\t\t\t\t\t<\/div>\n\t\t<\/section>\n\t\t\t\t<section class=\"elementor-section elementor-top-section elementor-element elementor-element-394e2ee elementor-section-boxed elementor-section-height-default elementor-section-height-default\" data-id=\"394e2ee\" data-element_type=\"section\" data-e-type=\"section\">\n\t\t\t\t\t\t<div class=\"elementor-container elementor-column-gap-default\">\n\t\t\t\t\t<div class=\"elementor-column elementor-col-100 elementor-top-column elementor-element elementor-element-43c005f\" data-id=\"43c005f\" data-element_type=\"column\" data-e-type=\"column\">\n\t\t\t<div class=\"elementor-widget-wrap elementor-element-populated\">\n\t\t\t\t\t\t<div class=\"elementor-element elementor-element-864289a elementor-align-center elementor-widget elementor-widget-button\" data-id=\"864289a\" data-element_type=\"widget\" data-e-type=\"widget\" data-widget_type=\"button.default\">\n\t\t\t\t<div class=\"elementor-widget-container\">\n\t\t\t\t\t\t\t\t\t<div class=\"elementor-button-wrapper\">\n\t\t\t\t\t<a class=\"elementor-button elementor-button-link elementor-size-md\" href=\"https:\/\/avpsicologia.eus\/eus\/contacto\/\">\n\t\t\t\t\t\t<span class=\"elementor-button-content-wrapper\">\n\t\t\t\t\t\t\t\t\t<span class=\"elementor-button-text\">Hitzordua eskatu<\/span>\n\t\t\t\t\t<\/span>\n\t\t\t\t\t<\/a>\n\t\t\t\t<\/div>\n\t\t\t\t\t\t\t\t<\/div>\n\t\t\t\t<\/div>\n\t\t\t\t\t<\/div>\n\t\t<\/div>\n\t\t\t\t\t<\/div>\n\t\t<\/section>\n\t\t\t\t<\/div>","protected":false},"excerpt":{"rendered":"<p>Asesoramiento Sexol\u00f3gico y Menstrual \u00a0Espacio para el conocimiento y la comprensi\u00f3n. Para qu\u00e9 Es un espacio para responder dudas personales o profesionales y adquirir recursos concretos. El asesoramiento es una intervenci\u00f3n directa y breve, te ayudar\u00e9 a resolver las dudas sobre sexualidades y las relacionadas con el ciclo menstrual. Para qui\u00e9n Dirigido a todas las [&hellip;]<\/p>\n","protected":false},"author":1,"featured_media":373,"parent":0,"menu_order":0,"comment_status":"closed","ping_status":"closed","template":"elementor_canvas","meta":{"footnotes":""},"class_list":["post-676","page","type-page","status-publish","has-post-thumbnail","hentry"],"yoast_head":"<!-- This site is optimized with the Yoast SEO plugin v27.3 - https:\/\/yoast.com\/product\/yoast-seo-wordpress\/ -->\n<title>Asesoramiento Sexol\u00f3gico y Menstrual - Ana Vall\u00e9s Psic\u00f3loga y Sex\u00f3loga en Bilbao<\/title>\n<meta name=\"description\" content=\"Consulta dudas, preguntas sobre sexualidades y sobre el ciclo menstrual. Espacio de aprendizaje y aclaraci\u00f3n de dudas.\" \/>\n<meta name=\"robots\" content=\"index, follow, max-snippet:-1, max-image-preview:large, max-video-preview:-1\" \/>\n<link rel=\"canonical\" href=\"https:\/\/avpsicologia.eus\/eus\/asesoramiento-sexologico-y-menstrual\/\" \/>\n<meta property=\"og:locale\" content=\"en_US\" \/>\n<meta property=\"og:type\" content=\"article\" \/>\n<meta property=\"og:title\" content=\"Asesoramiento Sexol\u00f3gico y Menstrual - Ana Vall\u00e9s Psic\u00f3loga y Sex\u00f3loga en Bilbao\" \/>\n<meta property=\"og:description\" content=\"Consulta dudas, preguntas sobre sexualidades y sobre el ciclo menstrual. Espacio de aprendizaje y aclaraci\u00f3n de dudas.\" \/>\n<meta property=\"og:url\" content=\"https:\/\/avpsicologia.eus\/eus\/asesoramiento-sexologico-y-menstrual\/\" \/>\n<meta property=\"og:site_name\" content=\"Ana Vall\u00e9s Psic\u00f3loga y Sex\u00f3loga en Bilbao\" \/>\n<meta property=\"article:modified_time\" content=\"2024-07-11T12:47:40+00:00\" \/>\n<meta property=\"og:image\" content=\"https:\/\/avpsicologia.eus\/wp-content\/uploads\/2023\/08\/Logo-04.png\" \/>\n\t<meta property=\"og:image:width\" content=\"1840\" \/>\n\t<meta property=\"og:image:height\" content=\"422\" \/>\n\t<meta property=\"og:image:type\" content=\"image\/png\" \/>\n<meta name=\"twitter:card\" content=\"summary_large_image\" \/>\n<meta name=\"twitter:label1\" content=\"Est. reading time\" \/>\n\t<meta name=\"twitter:data1\" content=\"2 minutua\" \/>\n<script type=\"application\/ld+json\" class=\"yoast-schema-graph\">{\"@context\":\"https:\\\/\\\/schema.org\",\"@graph\":[{\"@type\":\"WebPage\",\"@id\":\"https:\\\/\\\/avpsicologia.eus\\\/asesoramiento-sexologico-y-menstrual\\\/\",\"url\":\"https:\\\/\\\/avpsicologia.eus\\\/asesoramiento-sexologico-y-menstrual\\\/\",\"name\":\"Asesoramiento Sexol\u00f3gico y Menstrual - Ana Vall\u00e9s Psic\u00f3loga y Sex\u00f3loga en Bilbao\",\"isPartOf\":{\"@id\":\"https:\\\/\\\/avpsicologia.eus\\\/#website\"},\"primaryImageOfPage\":{\"@id\":\"https:\\\/\\\/avpsicologia.eus\\\/asesoramiento-sexologico-y-menstrual\\\/#primaryimage\"},\"image\":{\"@id\":\"https:\\\/\\\/avpsicologia.eus\\\/asesoramiento-sexologico-y-menstrual\\\/#primaryimage\"},\"thumbnailUrl\":\"https:\\\/\\\/avpsicologia.eus\\\/wp-content\\\/uploads\\\/2023\\\/08\\\/Logo-04.png\",\"datePublished\":\"2023-09-01T07:54:31+00:00\",\"dateModified\":\"2024-07-11T12:47:40+00:00\",\"description\":\"Consulta dudas, preguntas sobre sexualidades y sobre el ciclo menstrual. Espacio de aprendizaje y aclaraci\u00f3n de dudas.\",\"breadcrumb\":{\"@id\":\"https:\\\/\\\/avpsicologia.eus\\\/asesoramiento-sexologico-y-menstrual\\\/#breadcrumb\"},\"inLanguage\":\"eu\",\"potentialAction\":[{\"@type\":\"ReadAction\",\"target\":[\"https:\\\/\\\/avpsicologia.eus\\\/asesoramiento-sexologico-y-menstrual\\\/\"]}]},{\"@type\":\"ImageObject\",\"inLanguage\":\"eu\",\"@id\":\"https:\\\/\\\/avpsicologia.eus\\\/asesoramiento-sexologico-y-menstrual\\\/#primaryimage\",\"url\":\"https:\\\/\\\/avpsicologia.eus\\\/wp-content\\\/uploads\\\/2023\\\/08\\\/Logo-04.png\",\"contentUrl\":\"https:\\\/\\\/avpsicologia.eus\\\/wp-content\\\/uploads\\\/2023\\\/08\\\/Logo-04.png\",\"width\":1840,\"height\":422},{\"@type\":\"BreadcrumbList\",\"@id\":\"https:\\\/\\\/avpsicologia.eus\\\/asesoramiento-sexologico-y-menstrual\\\/#breadcrumb\",\"itemListElement\":[{\"@type\":\"ListItem\",\"position\":1,\"name\":\"Portada\",\"item\":\"https:\\\/\\\/avpsicologia.eus\\\/\"},{\"@type\":\"ListItem\",\"position\":2,\"name\":\"Asesoramiento Sexol\u00f3gico y Menstrual\"}]},{\"@type\":\"WebSite\",\"@id\":\"https:\\\/\\\/avpsicologia.eus\\\/#website\",\"url\":\"https:\\\/\\\/avpsicologia.eus\\\/\",\"name\":\"Ana Vall\u00e9s Psic\u00f3loga y Sex\u00f3loga en Bilbao\",\"description\":\"Psic\u00f3loga y Sex\u00f3loga en Bilbao\",\"potentialAction\":[{\"@type\":\"SearchAction\",\"target\":{\"@type\":\"EntryPoint\",\"urlTemplate\":\"https:\\\/\\\/avpsicologia.eus\\\/?s={search_term_string}\"},\"query-input\":{\"@type\":\"PropertyValueSpecification\",\"valueRequired\":true,\"valueName\":\"search_term_string\"}}],\"inLanguage\":\"eu\"}]}<\/script>\n<!-- \/ Yoast SEO plugin. -->","yoast_head_json":{"title":"Asesoramiento Sexol\u00f3gico y Menstrual - Ana Vall\u00e9s Psic\u00f3loga y Sex\u00f3loga en Bilbao","description":"Consulta dudas, preguntas sobre sexualidades y sobre el ciclo menstrual. Espacio de aprendizaje y aclaraci\u00f3n de dudas.","robots":{"index":"index","follow":"follow","max-snippet":"max-snippet:-1","max-image-preview":"max-image-preview:large","max-video-preview":"max-video-preview:-1"},"canonical":"https:\/\/avpsicologia.eus\/eus\/asesoramiento-sexologico-y-menstrual\/","og_locale":"en_US","og_type":"article","og_title":"Asesoramiento Sexol\u00f3gico y Menstrual - Ana Vall\u00e9s Psic\u00f3loga y Sex\u00f3loga en Bilbao","og_description":"Consulta dudas, preguntas sobre sexualidades y sobre el ciclo menstrual. Espacio de aprendizaje y aclaraci\u00f3n de dudas.","og_url":"https:\/\/avpsicologia.eus\/eus\/asesoramiento-sexologico-y-menstrual\/","og_site_name":"Ana Vall\u00e9s Psic\u00f3loga y Sex\u00f3loga en Bilbao","article_modified_time":"2024-07-11T12:47:40+00:00","og_image":[{"width":1840,"height":422,"url":"https:\/\/avpsicologia.eus\/wp-content\/uploads\/2023\/08\/Logo-04.png","type":"image\/png"}],"twitter_card":"summary_large_image","twitter_misc":{"Est. reading time":"2 minutua"},"schema":{"@context":"https:\/\/schema.org","@graph":[{"@type":"WebPage","@id":"https:\/\/avpsicologia.eus\/asesoramiento-sexologico-y-menstrual\/","url":"https:\/\/avpsicologia.eus\/asesoramiento-sexologico-y-menstrual\/","name":"Asesoramiento Sexol\u00f3gico y Menstrual - Ana Vall\u00e9s Psic\u00f3loga y Sex\u00f3loga en Bilbao","isPartOf":{"@id":"https:\/\/avpsicologia.eus\/#website"},"primaryImageOfPage":{"@id":"https:\/\/avpsicologia.eus\/asesoramiento-sexologico-y-menstrual\/#primaryimage"},"image":{"@id":"https:\/\/avpsicologia.eus\/asesoramiento-sexologico-y-menstrual\/#primaryimage"},"thumbnailUrl":"https:\/\/avpsicologia.eus\/wp-content\/uploads\/2023\/08\/Logo-04.png","datePublished":"2023-09-01T07:54:31+00:00","dateModified":"2024-07-11T12:47:40+00:00","description":"Consulta dudas, preguntas sobre sexualidades y sobre el ciclo menstrual. Espacio de aprendizaje y aclaraci\u00f3n de dudas.","breadcrumb":{"@id":"https:\/\/avpsicologia.eus\/asesoramiento-sexologico-y-menstrual\/#breadcrumb"},"inLanguage":"eu","potentialAction":[{"@type":"ReadAction","target":["https:\/\/avpsicologia.eus\/asesoramiento-sexologico-y-menstrual\/"]}]},{"@type":"ImageObject","inLanguage":"eu","@id":"https:\/\/avpsicologia.eus\/asesoramiento-sexologico-y-menstrual\/#primaryimage","url":"https:\/\/avpsicologia.eus\/wp-content\/uploads\/2023\/08\/Logo-04.png","contentUrl":"https:\/\/avpsicologia.eus\/wp-content\/uploads\/2023\/08\/Logo-04.png","width":1840,"height":422},{"@type":"BreadcrumbList","@id":"https:\/\/avpsicologia.eus\/asesoramiento-sexologico-y-menstrual\/#breadcrumb","itemListElement":[{"@type":"ListItem","position":1,"name":"Portada","item":"https:\/\/avpsicologia.eus\/"},{"@type":"ListItem","position":2,"name":"Asesoramiento Sexol\u00f3gico y Menstrual"}]},{"@type":"WebSite","@id":"https:\/\/avpsicologia.eus\/#website","url":"https:\/\/avpsicologia.eus\/","name":"Ana Vall\u00e9s Psic\u00f3loga y Sex\u00f3loga en Bilbao","description":"Psic\u00f3loga y Sex\u00f3loga en Bilbao","potentialAction":[{"@type":"SearchAction","target":{"@type":"EntryPoint","urlTemplate":"https:\/\/avpsicologia.eus\/?s={search_term_string}"},"query-input":{"@type":"PropertyValueSpecification","valueRequired":true,"valueName":"search_term_string"}}],"inLanguage":"eu"}]}},"_links":{"self":[{"href":"https:\/\/avpsicologia.eus\/eus\/wp-json\/wp\/v2\/pages\/676","targetHints":{"allow":["GET"]}}],"collection":[{"href":"https:\/\/avpsicologia.eus\/eus\/wp-json\/wp\/v2\/pages"}],"about":[{"href":"https:\/\/avpsicologia.eus\/eus\/wp-json\/wp\/v2\/types\/page"}],"author":[{"embeddable":true,"href":"https:\/\/avpsicologia.eus\/eus\/wp-json\/wp\/v2\/users\/1"}],"replies":[{"embeddable":true,"href":"https:\/\/avpsicologia.eus\/eus\/wp-json\/wp\/v2\/comments?post=676"}],"version-history":[{"count":57,"href":"https:\/\/avpsicologia.eus\/eus\/wp-json\/wp\/v2\/pages\/676\/revisions"}],"predecessor-version":[{"id":1999,"href":"https:\/\/avpsicologia.eus\/eus\/wp-json\/wp\/v2\/pages\/676\/revisions\/1999"}],"wp:featuredmedia":[{"embeddable":true,"href":"https:\/\/avpsicologia.eus\/eus\/wp-json\/wp\/v2\/media\/373"}],"wp:attachment":[{"href":"https:\/\/avpsicologia.eus\/eus\/wp-json\/wp\/v2\/media?parent=676"}],"curies":[{"name":"wp","href":"https:\/\/api.w.org\/{rel}","templated":true}]}}